80. Calculate the highest common factor of 396 and x.
36
Let w(a) = -a - 24. Let p(z) = -z - 24. Let s(u) = 3*p(u) - 4*w(u). Let g be s(-10). What is the greatest common factor of g and 2?
2
Let s be ((-10)/(-4))/(5/90). Let x = 52 + -174. Let a be x/(-14) - (-6)/21. What is the highest common factor of s and a?
9
Let r(d) = -34*d - 3. Let w(k) = -69*k - 6. Let j(l) = -5*r(l) + 3*w(l). Let s = -7 + 4. Let a be j(s). Calculate the greatest common factor of 12 and a.
12
Let z(w) = 6*w**3 - w**2 - w + 2. Let r be z(1). Let x be 0/(-1) - (3 - (r - -165)). What is the greatest common factor of x and 21?
21
Let d(j) = -2*j - 41. Let z = 2 + -25. Let q be d(z). What is the highest common factor of 5 and q?
5
Suppose 5*m + 10 = 5*g - 0*g, 0 = -4*g + 3*m + 13. Let c(n) = -n**3 + 7*n**2 + 4*n - 24. Let r be c(g). Calculate the highest common factor of 52 and r.
4
Let g(k) = k**3 + 11*k**2 + 10*k + 4. Let b be g(-10). Suppose b*y + y + 75 = 0. Let n be (-1191)/y - (-3)/5. Calculate the highest common factor of n and 10.
10
Suppose -y - 2093 = -4*c, -301 = 3*c - 5*y - 1892. Calculate the highest common divisor of 18 and c.
18
Let d(b) = b + 3. Let f be d(6). Suppose 66 = -5*p - 2*h, 3 = 2*h + 9. Let o be 486/(-4)*8/p. What is the highest common divisor of f and o?
9
Let v be (-2)/(-3) + (7 - (-120)/(-18)). Let f = v - -8. What is the greatest common divisor of 27 and f?
9
Let n(o) be the second derivative of o**4/6 - 5*o**3/6 + 7*o**2/2 + 11*o. Let m be n(5). What is the highest common factor of 8 and m?
8
Let d be 7/((-28)/(-16)) + 4. Let l be 254/(-24)*-3 - (-2)/d. Suppose 0 - 26 = -2*v - 3*n, -5*n - 90 = -5*v. What is the greatest common divisor of l and v?
16
Let s(n) = -n**2 + 24*n - 7. Let w(k) = k**2 - 24*k + 6. Let x(t) = -6*s(t) - 5*w(t). Let b be x(24). What is the greatest common factor of 9 and b?
3
Let j = 1 - -13. Let i = j + 4. Let a be 1/10*-4 - (-36)/15. What is the greatest common divisor of a and i?
2
Suppose 3*q + 5*q - 448 = 0. Let k(o) = o**3 - 1. Let j be k(2). What is the greatest common factor of j and q?
7
Let r = 328 + -322. Calculate the greatest common divisor of r and 74.
2
Suppose 18741 = 23*f - 27006. What is the highest common divisor of f and 39?
39
Let z(l) = 3*l + 1. Let r be z(1). Suppose 0 = r*o - 0*o - 4. Let f be (o + -2)*(-80)/10. What is the highest common factor of 72 and f?
8
Let m = 47 - 25. Calculate the greatest common divisor of 77 and m.
11
Let g = 401 + 7. Calculate the highest common factor of g and 24.
24
Let n = 19 + 6. Let p = -20 + n. Suppose -p*l + 31 = -59. Calculate the highest common factor of l and 72.
18
Let w = -12 + 16. Let x(l) = 2*l + 1. Let t be x(1). Suppose -w - 11 = -t*j. Calculate the greatest common divisor of 35 and j.
5
Suppose -5*x = 2*z - 916, -3*z + 3*x + 2228 = 2*z. Calculate the greatest common factor of 320 and z.
64
Suppose -4*m + 2*t = 4*t - 28, 2*m + 4*t = 14. Let u = m + 14. What is the greatest common divisor of u and 168?
21
Let o(p) = 2*p**3 - p**2 - p + 1. Let z be o(1). Let n be -2 - (-37 + z + -2). What is the greatest common factor of 12 and n?
12
Let d = 0 - -2. Suppose 108 = d*m - 4*i, -2*i = -4*m - i + 237. Suppose n = 3*a - 38, -4*n - 56 = -4*a - 0*a. What is the highest common divisor of a and m?
12
Let u(g) = -g**3 + 7*g**2 - 6*g - 6. Let l be u(5). Suppose 28 = 4*s - z, 2*z = -5*s - 0*z + 35. Calculate the highest common divisor of s and l.
7
Suppose -2*w = -2*n + 12 + 58, -4*n - 5*w = -140. What is the highest common divisor of 35 and n?
35
Suppose -4*x - 23 = -3. Let u be 4/(-10) - 2/x. Suppose u*g - 3*g + 360 = 0. What is the highest common divisor of 12 and g?
12
Let q = -8 + 261. Calculate the highest common factor of 69 and q.
23
Suppose 149 = m - 4*f, 3*m - 5*m + 270 = -f. Suppose 0 = 5*w - m - 587. What is the highest common divisor of 18 and w?
18
Let m be 0 - (-4)/4*16. Suppose 4*p - 9*p = v - 56, 0 = 4*v + m. Calculate the highest common divisor of 3 and p.
3
Let o = 970 - 837. Calculate the greatest common factor of 114 and o.
19
Let s(u) = u**2 - 3*u - 1. Let p be s(-2). Let g be ((-16)/(-6))/((-10)/(-135)). Calculate the greatest common divisor of p and g.
9
Suppose -2*w + 46 = l, 0*l = -5*w - 3*l + 117. Suppose 2*r - 3*r - 2*q = -61, 4*r - 251 = -q. What is the highest common factor of w and r?
21
Let c be (30 + -7)*(2 + -1). Let r = -119 + 326. What is the highest common factor of c and r?
23
Let o = 55 - 21. Suppose 5*m = -o + 174. Let y be (2/(-4))/((-7)/m). Calculate the greatest common factor of y and 2.
2
Let x = 23 - 19. Suppose 4*t + 8 = 0, x*k - 20 = 8*t - 6*t. What is the greatest common divisor of k and 44?
4
Let u(r) = -r**3 + 7*r**2 + 3*r - 30. Let m(s) = 11*s - 27. Let b be m(3). Let h be u(b). Calculate the greatest common divisor of h and 6.
6
Let b = 93 - 92. Calculate the greatest common factor of 19 and b.
1
Let u = -17 + 18. Let c be 0 - -3 - (4 - u). Suppose b - m - 89 = c, -2*b + m + 166 = 2*m. What is the highest common divisor of 17 and b?
17
Suppose w = -w. Suppose -y = -w + 4. Let p be (58/8)/(y/(-32)). Calculate the greatest common factor of p and 87.
29
Suppose 60 = 2*g + 4. Suppose 0 = -2*n + 139 + 123. Let d = n + -89. What is the greatest common factor of g and d?
14
Suppose -2*n + 13*n - 1617 = 0. What is the highest common divisor of n and 42?
21
Let k(h) = 3*h**2 + 15*h + 4. Let s be k(-6). What is the highest common divisor of 55 and s?
11
Let m = -20 + 7. Let n = m + 35. Suppose -4*d + 12 - 4 = 0. Calculate the highest common divisor of n and d.
2
Let v(i) = i**3 + 9*i**2 - 13*i + 16. Let r be v(-10). Let t = r - 30. What is the highest common factor of t and 144?
16
Let h be 7/(4/(-9 + -3)). Let u = -14 - h. Suppose 3*i - u = -4*v + 3, 5*v - i = 3. Calculate the greatest common factor of 4 and v.
1
Suppose 1373 = 11*j + 317. What is the highest common divisor of 72 and j?
24
Let t = 310 + -308. Calculate the greatest common factor of t and 19.
1
Suppose a - 11 = 62. Let c be 9/(-15) - a/(-5). What is the greatest common factor of 2 and c?
2
Suppose 5*h - 67 = g + 74, -4*h = -5*g - 96. Calculate the highest common divisor of 261 and h.
29
Suppose -4*y + 4*q = -52, -4*q - 18 = y - 51. Calculate the greatest common divisor of y and 102.
17
Let x(c) = -55*c - 32. Let u be x(-8). Suppose u = 12*g + 156. What is the greatest common divisor of g and 28?
7
Let t(i) = 281*i**2 + 2*i - 1. Let h be t(1). Calculate the highest common factor of 6 and h.
6
Let a = 33 + -33. Suppose -3*o - 4*o + 63 = a. Calculate the greatest common factor of 81 and o.
9
Let i = 10 + 57. Suppose -g + i - 58 = 0. Calculate the greatest common factor of 81 and g.
9
Let t = 77 - -91. Suppose -259 = 5*v - 4*d + 775, -4*d - 226 = v. Let o = -186 - v. Calculate the highest common divisor of t and o.
24
Suppose -57*i + 50*i = -1463. What is the greatest common factor of i and 11?
11
Let w = -101 - -245. Let y be 4 + 0 - (23 + 0). Let x = 37 + y. Calculate the highest common factor of x and w.
18
Let d(a) = -a**2 - 48*a + 55. Let y be d(-33). What is the highest common divisor of 10 and y?
10
Suppose 0 = -5*m - 3*j - 2*j + 645, -4*m = 2*j - 514. What is the highest common divisor of m and 48?
16
Suppose -5*i - 3*j + 350 + 25 = 0, 0 = 4*i - 3*j - 327. What is the highest common divisor of i and 42?
6
Let f(b) = -6*b - 12. Let p be f(-7). Suppose -280 = -34*l + p*l. Calculate the highest common divisor of 10 and l.
10
Let i(l) = 2*l**2 + l - 16. Let j be i(-4). Let x(q) = -q - 2 + 5 + 2*q. Let d be x(3). What is the highest common factor of j and d?
6
Suppose 18 = l + 2. Suppose r - 6 = -3*x, 4*r - r - 30 = 3*x. Let g = 185 - r. What is the greatest common divisor of g and l?
16
Suppose 3*i - 40 = 47. Calculate the highest common divisor of 145 and i.
29
Suppose -2*h = -2*x + 620, 5*x - 1938 = 3*h - 398. What is the greatest common divisor of x and 5?
5
Let h = 17 - 39. Let m = -15 - h. Suppose -b + 25 = -2*c, -2*b - 5*c - 65 = -97. What is the highest common factor of b and m?
7
Suppose 7*x = 5*x + 54. Suppose -2*b - 7 + x = 2*o, -4*b + 31 = 3*o. What is the greatest common divisor of o and 36?
9
Let t = 230 + -95. Suppose -390 = -5*d - t. Suppose -29*j + 5*k = -25*j - 73, 3*k = 5*j - 88. What is the greatest common divisor of j and d?
17
Let f